
28
Calculate the remainder when 161846 is divided by 157.
136
What is the remainder when 19586 is divided by 93?
56
What is the remainder when 807 is divided by 90?
87
What is the remainder when 1080025 is divided by 13?
11
What is the remainder when 21807 is divided by 105?
72
Calculate the remainder when 6748 is divided by 2245.
13
Calculate the remainder when 10612 is divided by 2126.
2108
What is the remainder when 1288 is divided by 39?
1
What is the remainder when 74289 is divided by 316?
29
Calculate the remainder when 5547 is divided by 219.
72
Calculate the remainder when 16458 is divided by 8223.
12
What is the remainder when 612 is divided by 432?
180
Calculate the remainder when 43070 is divided by 14303.
161
What is the remainder when 81679 is divided by 650?
429
What is the remainder when 16222 is divided by 959?
878
Calculate the remainder when 158 is divided by 133.
25
What is the remainder when 28265 is divided by 48?
41
What is the remainder when 546910 is divided by 81?
79
What is the remainder when 3106 is divided by 393?
355
Calculate the remainder when 43316 is divided by 11.
9
What is the remainder when 1371 is divided by 16?
11
Calculate the remainder when 219096 is divided by 32.
24
Calculate the remainder when 145055 is divided by 77.
64
Calculate the remainder when 8020 is divided by 124.
84
Calculate the remainder when 960877 is divided by 762.
757
What is the remainder when 250951 is divided by 83647?
10
What is the remainder when 10269 is divided by 76?
9
What is the remainder when 59999 is divided by 16?
15
Calculate the remainder when 70152 is divided by 106.
86
What is the remainder when 6021 is divided by 462?
15
What is the remainder when 85741 is divided by 2385?
2266
What is the remainder when 45736 is divided by 579?
574
Calculate the remainder when 44415 is divided by 2610.
45
Calculate the remainder when 15478 is divided by 2434.
874
Calculate the remainder when 66525 is divided by 33117.
291
What is the remainder when 4275 is divided by 386?
29
Calculate the remainder when 1300 is divided by 1277.
23
Calculate the remainder when 5402 is divided by 2651.
100
Calculate the remainder when 330465 is divided by 1354.
89
What is the remainder when 1976 is divided by 486?
32
Calculate the remainder when 11698 is divided by 2921.
14
What is the remainder when 469 is divided by 313?
156
Calculate the remainder when 9620 is divided by 1922.
10
What is the remainder when 4775 is divided by 973?
883
Calculate the remainder when 1351 is divided by 281.
227
Calculate the remainder when 892732 is divided by 16.
12
What is the remainder when 38169 is divided by 59?
55
Calculate the remainder when 2803 is divided by 2327.
476
What is the remainder when 119356 is divided by 61?
40
Calculate the remainder when 10712 is divided by 1275.
512
What is the remainder when 11304 is divided by 2257?
19
Calculate the remainder when 4267 is divided by 404.
227
What is the remainder when 736 is divided by 18?
16
Calculate the remainder when 113231 is divided by 207.
2
What is the remainder when 4861 is divided by 44?
21
What is the remainder when 75218 is divided by 75141?
77
What is the remainder when 61707 is divided by 101?
97
What is the remainder when 46739 is divided by 46738?
1
What is the remainder when 153970 is divided by 546?
544
Calculate the remainder when 756742 is divided by 13.
12
Calculate the remainder when 3411 is divided by 29.
18
What is the remainder when 392710 is divided by 392702?
8
What is the remainder when 9696 is divided by 1344?
288
Calculate the remainder when 252 is divided by 42.
0
What is the remainder when 69373 is divided by 1156?
13
Calculate the remainder when 505656 is divided by 772.
768
What is the remainder when 5861 is divided by 120?
101
What is the remainder when 122924 is divided by 75?
74
Calculate the remainder when 27959 is divided by 735.
29
What is the remainder when 454562 is divided by 595?
577
Calculate the remainder when 6874 is divided by 606.
208
What is the remainder when 970 is divided by 88?
2
What is the remainder when 6646 is divided by 664?
6
Calculate the remainder when 4700 is divided by 2350.
0
What is the remainder when 758 is divided by 122?
26
Calculate the remainder when 6760 is divided by 1069.
346
Calculate the remainder when 180848 is divided by 171.
101
What is the remainder when 11750 is divided by 1305?
5
What is the remainder when 166 is divided by 38?
14
Calculate the remainder when 8941 is divided by 4467.
7
Calculate the remainder when 5986 is divided by 15.
1
Calculate the remainder when 611009 is divided by 32.
1
What is the remainder when 5093 is divided by 1684?
41
Calculate the remainder when 1248 is divided by 639.
609
Calculate the remainder when 4107 is divided by 232.
163
Calculate the remainder when 1683060 is divided by 619.
618
What is the remainder when 1532 is divided by 485?
77
Calculate the remainder when 28074 is divided by 205.
194
What is the remainder when 343348 is divided by 7?
5
Calculate the remainder when 18439 is divided by 40.
39
What is the remainder when 20420 is divided by 101?
18
What is the remainder when 64998 is divided by 866?
48
Calculate the remainder when 192895 is divided by 423.
7
Calculate the remainder when 6320 is divided by 509.
212
Calculate the remainder when 268247 is divided by 109.
107
Calculate the remainder when 695789 is divided by 3568.
29
Calculate the remainder when 57949 is divided by 4.
1
What is the remainder when 2736 is divided by 393?
378
Calculate the remainder when 13637 is divided by 64.
5
What is the remainder when 246684 is divided by 38?
26
Calculate the remainder when 41333 is divided by 20650.
33
What is the remainder when 119 is divided by 58?
3
What is the remainder when 121291 is divided by 60636?
19
What is the remainder when 20626 is divided by 6648?
682
Calculate the remainder when 4679 is divided by 57.
5
Calculate the remainder when 16102 is divided by 233.
25
Calculate the remainder when 447791 is divided by 33.
14
What is the remainder when 842404 is divided by 10?
4
What is the remainder when 6486 is divided by 51?
9
Calculate the remainder when 78631 is divided by 629.
6
Calculate the remainder when 1229 is divided by 262.
181
What is the remainder when 23471 is divided by 78?
71
What is the remainder when 5541 is divided by 54?
33
Calculate the remainder when 5762 is divided by 258.
86
What is the remainder when 512486 is divided by 9?
8
What is the remainder when 4856 is divided by 677?
117
What is the remainder when 2574 is divided by 742?
348
Calculate the remainder when 6646 is divided by 28.
10
What is the remainder when 444 is divided by 134?
42
What is the remainder when 8581 is divided by 214?
21
Calculate the remainder when 24445 is divided by 150.
145
What is the remainder when 1171208 is divided by 1337?
1333
What is the remainder when 9577 is divided by 553?
176
Calculate the remainder when 10269 is divided by 107.
104
Calculate the remainder when 9136 is divided by 2275.
36
Calculate the remainder when 43724 is divided by 3972.
32
What is the remainder when 1582 is divided by 1289?
293
Calculate the remainder when 214519 is divided by 6129.
4
What is the remainder when 90371 is divided by 1238?
1235
What is the remainder when 14428 is divided by 1532?
640
What is the remainder when 1443 is divided by 211?
177
Calculate the remainder when 5643 is divided by 1872.
27
Calculate the remainder when 48398 is divided by 2687.
32
Calculate the remainder when 3544 is divided by 24.
16
Calculate the remainder when 5700 is divided by 1900.
0
What is the remainder when 6474 is divided by 95?
14
Calculate the remainder when 4473 is divided by 25.
23
Calculate the remainder when 186721 is divided by 7181.
15
What is the remainder when 8597 is divided by 1650?
347
What is the remainder when 31836 is divided by 398?
394
What is the remainder when 1430110 is divided by 13620?
10
What is the remainder when 60997 is divided by 107?
7
Calculate the remainder when 20145 is divided by 98.
55
Calculate the remainder when 11822 is divided by 96.
14
What is the remainder when 92866 is divided by 23213?
14
Calculate the remainder when 273594 is divided by 2974.
2960
What is the re